{"id":94,"date":"2014-12-16T20:48:34","date_gmt":"2014-12-16T19:48:34","guid":{"rendered":"http:\/\/pfarrei-schwarzach-perasdorf.de\/?page_id=94"},"modified":"2023-02-02T15:02:52","modified_gmt":"2023-02-02T14:02:52","slug":"lektoren","status":"publish","type":"page","link":"https:\/\/pfarrei-schwarzach-perasdorf.de\/?page_id=94","title":{"rendered":"Lektoren"},"content":{"rendered":"<p><span style=\"color: #333333;\"><span style=\"font-family: Trebuchet MS,sans-serif;\">Die Lektorinnen und Lektoren haben f\u00fcr unsere Pfarrgemeinde einen wichtigen und unverzichtbaren Dienst \u00fcbernommen.<\/span><\/span><span style=\"font-family: Trebuchet MS,sans-serif;\"><span style=\"color: #333333;\">Sie sind beauftragt, die Lesungen der Heiligen Schrift mit Ausnahme des Evangeliums vorzutragen. Durch das H\u00f6ren des Wortes Gottes baut sich die Kirche auf und w\u00e4chst. Die wunderbaren Taten, die Gott einst auf vielf\u00e4ltige Weise in der Heilsgeschichte gewirkt hat, werden unter den Zeichen gottesdienstlichen Feierns geheimnisvoll, aber wirklich gegenw\u00e4rtig. Umgekehrt nimmt Gott die gottesdienstfeiernde Gemeinde in Dienst, damit sein Wort sich ausbreite und verherrlicht werde, und damit sein Name gepriesen werde bei den V\u00f6lkern. Alle Christen sind durch Taufe und Firmung im Geist Verk\u00fcnder des Wortes Gottes. Sie haben die Gabe des H\u00f6rens empfangen und den Auftrag, das geh\u00f6rte Wort Gottes in Kirche und Welt zu verk\u00fcnden, zumindest durch das Zeugnis ihres Lebens.<\/span><\/span><\/p>\n<p><a href=\"https:\/\/pfarrei-schwarzach-perasdorf.de\/?page_id=96\">Hier geht&#8217;s zum Lektorenplan.<\/a><\/p>\n<p>&nbsp;<\/p>\n","protected":false},"excerpt":{"rendered":"<p>Die Lektorinnen und Lektoren haben f\u00fcr unsere Pfarrgemeinde einen wichtigen und unverzichtbaren Dienst \u00fcbernommen.Sie sind beauftragt, die Lesungen der Heiligen Schrift mit Ausnahme des Evangeliums vorzutragen. Durch das H\u00f6ren des Wortes Gottes baut sich die Kirche auf und w\u00e4chst. Die wunderbaren Taten, die Gott einst auf vielf\u00e4ltige Weise in der Heilsgeschichte gewirkt hat, werden unter &#8230; <span class=\"more\"><a class=\"more-link\" href=\"https:\/\/pfarrei-schwarzach-perasdorf.de\/?page_id=94\">[weiterlesen&#8230;]<\/a><\/span><\/p>\n","protected":false},"author":1,"featured_media":0,"parent":2,"menu_order":4,"comment_status":"closed","ping_status":"closed","template":"page-full-width.php","meta":{"footnotes":""},"_links":{"self":[{"href":"https:\/\/pfarrei-schwarzach-perasdorf.de\/index.php?rest_route=\/wp\/v2\/pages\/94"}],"collection":[{"href":"https:\/\/pfarrei-schwarzach-perasdorf.de\/index.php?rest_route=\/wp\/v2\/pages"}],"about":[{"href":"https:\/\/pfarrei-schwarzach-perasdorf.de\/index.php?rest_route=\/wp\/v2\/types\/page"}],"author":[{"embeddable":true,"href":"https:\/\/pfarrei-schwarzach-perasdorf.de\/index.php?rest_route=\/wp\/v2\/users\/1"}],"replies":[{"embeddable":true,"href":"https:\/\/pfarrei-schwarzach-perasdorf.de\/index.php?rest_route=%2Fwp%2Fv2%2Fcomments&post=94"}],"version-history":[{"count":6,"href":"https:\/\/pfarrei-schwarzach-perasdorf.de\/index.php?rest_route=\/wp\/v2\/pages\/94\/revisions"}],"predecessor-version":[{"id":2218,"href":"https:\/\/pfarrei-schwarzach-perasdorf.de\/index.php?rest_route=\/wp\/v2\/pages\/94\/revisions\/2218"}],"up":[{"embeddable":true,"href":"https:\/\/pfarrei-schwarzach-perasdorf.de\/index.php?rest_route=\/wp\/v2\/pages\/2"}],"wp:attachment":[{"href":"https:\/\/pfarrei-schwarzach-perasdorf.de\/index.php?rest_route=%2Fwp%2Fv2%2Fmedia&parent=94"}],"curies":[{"name":"wp","href":"https:\/\/api.w.org\/{rel}","templated":true}]}}