{"id":21,"date":"2014-12-16T17:31:41","date_gmt":"2014-12-16T17:31:41","guid":{"rendered":"http:\/\/pfarrei-schwarzach-perasdorf.de\/?page_id=21"},"modified":"2015-07-15T09:50:42","modified_gmt":"2015-07-15T07:50:42","slug":"termine","status":"publish","type":"page","link":"https:\/\/pfarrei-schwarzach-perasdorf.de\/?page_id=21","title":{"rendered":"Gremien"},"content":{"rendered":"<h1 style=\"text-align: center;\"><span style=\"text-decoration: underline;\"><a href=\"http:\/\/pfarrei-schwarzach-perasdorf.de\/?page_id=30\">Der Pfarrgemeinderat<\/a><\/span><\/h1>\n<p>Der Pfarrgemeinderat ist ein Leitungsgremium. Hier k\u00f6nnen von der Gemeinde gew\u00e4hlte Vertreter mitbestimmen, welche Pl\u00e4ne in der Pfarrei verwirklicht und welche Ziele angestrebt werden. Der Pfarrgemeinderat wird von den Gemeindemitgliedern f\u00fcr vier Jahre gew\u00e4hlt. Die letzte Wahl war 2014. Die Aufgaben des PGR sind laut Satzung beinahe unendlich viele: von der Jugendarbeit bis zur Gottesdienstfeier, vom Besuchdienst bei Neuzugezogenen oder im Krankenhaus bis zur \u00d6ffentlichkeitsarbeit. In der Praxis jedoch wird jeder Pfarrgemeinderat unterschiedliche Schwerpunkte setzen und versuchen Menschen zum Mitmachen bei den jeweiligen Projekten zu bewegen.<br \/>\nDie Bedeutung des PGR f\u00fcr die Zukunft ist eine sehr gro\u00dfe. Vieles, was in den Gemeinden heute geschieht, ist mit dem Pfarrgemeinderat verbunden. Hier engagieren sich Frauen und M\u00e4nner vor Ort mit und f\u00fcr die Menschen. Der PGR ist zu unterscheiden von der Kirchenverwaltung, da er sich nicht um die Verm\u00f6gens-u. Personalfragen k\u00fcmmert.<\/p>\n<h1 style=\"text-align: center;\"><span style=\"text-decoration: underline;\"><a href=\"http:\/\/pfarrei-schwarzach-perasdorf.de\/?page_id=32\">Die Kirchenverwaltung<\/a><\/span><\/h1>\n<p>Die Kirchenverwaltung ist ein &#8222;Schl\u00fcsselgremium&#8220;. Eine &#8222;Grundqualifikation&#8220; f\u00fcr die Mitarbeit in der Kirchenverwaltung ist das Interesse am Leben der Gemeinde und die Bereitschaft dieses aus dem Glauben heraus mitzugestalten.<br \/>\nDie Kirchenverwaltung ist in den sechs Jahren ihrer Amtszeit f\u00fcr die Verm\u00f6gensverwaltung und f\u00fcr die rechtliche Vertretung der Kirchenstiftung zust\u00e4ndig. Ihr geh\u00f6ren der Pfarrer als Vorstand der Kirchenverwaltung und die gew\u00e4hlten Mitglieder an. Die Kirchenverwaltung vertritt die Kirchenstiftung sowohl nach innen als auch nach au\u00dfen in allen rechtlichen Angelegenheiten. Sie entscheidet den Haushalt und tr\u00e4gt die Verantwortung f\u00fcr das Stiftungsverm\u00f6gen.<br \/>\nZu ihren Aufgaben geh\u00f6ren im einzelnen u.a.:<\/p>\n<ul>\n<li>Entscheidung \u00fcber die Zweckverwendung der vorhandenen Mittel im Rahmen der Aufgaben der Kirchenstiftung<\/li>\n<li>Bereitstellung des Sachbedarfs f\u00fcr die Seelsorge vor Ort(u.a.f\u00fcr Jugendarbeit, Erwachsenenbildung)<\/li>\n<li>Personalverantwortung und Genehmigung von Personalanstellungen f\u00fcr die Kirchenstiftungen und der Kindertageseinrichtungen<\/li>\n<li>Tr\u00e4gervertretung f\u00fcr Kindertageseinrichtungen<\/li>\n<li>Verantwortung f\u00fcr den Geb\u00e4udebestand<\/li>\n<li>Beratung und Beschlu\u00df von Bauma\u00dfnahmen<\/li>\n<\/ul>\n","protected":false},"excerpt":{"rendered":"<p>Der Pfarrgemeinderat Der Pfarrgemeinderat ist ein Leitungsgremium. Hier k\u00f6nnen von der Gemeinde gew\u00e4hlte Vertreter mitbestimmen, welche Pl\u00e4ne in der Pfarrei verwirklicht und welche Ziele angestrebt werden. Der Pfarrgemeinderat wird von den Gemeindemitgliedern f\u00fcr vier Jahre gew\u00e4hlt. Die letzte Wahl war 2014. Die Aufgaben des PGR sind laut Satzung beinahe unendlich viele: von der Jugendarbeit bis &#8230; <span class=\"more\"><a class=\"more-link\" href=\"https:\/\/pfarrei-schwarzach-perasdorf.de\/?page_id=21\">[weiterlesen&#8230;]<\/a><\/span><\/p>\n","protected":false},"author":1,"featured_media":0,"parent":2,"menu_order":3,"comment_status":"closed","ping_status":"open","template":"page-full-width.php","meta":{"footnotes":""},"_links":{"self":[{"href":"https:\/\/pfarrei-schwarzach-perasdorf.de\/index.php?rest_route=\/wp\/v2\/pages\/21"}],"collection":[{"href":"https:\/\/pfarrei-schwarzach-perasdorf.de\/index.php?rest_route=\/wp\/v2\/pages"}],"about":[{"href":"https:\/\/pfarrei-schwarzach-perasdorf.de\/index.php?rest_route=\/wp\/v2\/types\/page"}],"author":[{"embeddable":true,"href":"https:\/\/pfarrei-schwarzach-perasdorf.de\/index.php?rest_route=\/wp\/v2\/users\/1"}],"replies":[{"embeddable":true,"href":"https:\/\/pfarrei-schwarzach-perasdorf.de\/index.php?rest_route=%2Fwp%2Fv2%2Fcomments&post=21"}],"version-history":[{"count":5,"href":"https:\/\/pfarrei-schwarzach-perasdorf.de\/index.php?rest_route=\/wp\/v2\/pages\/21\/revisions"}],"predecessor-version":[{"id":346,"href":"https:\/\/pfarrei-schwarzach-perasdorf.de\/index.php?rest_route=\/wp\/v2\/pages\/21\/revisions\/346"}],"up":[{"embeddable":true,"href":"https:\/\/pfarrei-schwarzach-perasdorf.de\/index.php?rest_route=\/wp\/v2\/pages\/2"}],"wp:attachment":[{"href":"https:\/\/pfarrei-schwarzach-perasdorf.de\/index.php?rest_route=%2Fwp%2Fv2%2Fmedia&parent=21"}],"curies":[{"name":"wp","href":"https:\/\/api.w.org\/{rel}","templated":true}]}}