{"id":1809,"date":"2021-02-18T17:17:40","date_gmt":"2021-02-18T16:17:40","guid":{"rendered":"http:\/\/pfarrei-schwarzach-perasdorf.de\/?page_id=1809"},"modified":"2025-07-25T22:44:13","modified_gmt":"2025-07-25T20:44:13","slug":"schuelergottesdienste","status":"publish","type":"page","link":"https:\/\/pfarrei-schwarzach-perasdorf.de\/?page_id=1809","title":{"rendered":"Sch\u00fclergottesdienste"},"content":{"rendered":"<p>Speziell f\u00fcr Schulkinder, aber auch kleinere Kinder, bieten wir etwa alle zwei Wochen, w\u00e4hrend der Schulzeit, Sch\u00fclergottesdienste in der Pfarrkirche in Schwarzach an.<br \/>\nDiese Gottesdienste sind speziell auf Kinder bis etwa zur 5. Klasse zugeschnitten. Kommen d\u00fcrfen alle Kinder die Interesse haben, nicht nur die Erstkommunionkinder und nat\u00fcrlich auch die Eltern oder Gro\u00dfeltern.<br \/>\nGerne d\u00fcrfen auch Familien mit ganz kleinen Kindern teilnehmen, f\u00fcr die der Sonntagsgottesdienst nicht so gut passt. Im Sch\u00fclergottesdienst sind wir viel freier und k\u00f6nnen auch direkt auf die Kinder und auch ihre Fragen eingehen.<\/p>\n<p>Wir freuen uns auf alle, die zum Gottesdienst kommen und mitfeiern!<\/p>\n<p>Beachten Sie bitte auch den aktuellen <a href=\"http:\/\/pfarrei-schwarzach-perasdorf.de\/?page_id=13\">Pfarrbrief<\/a><\/p>\n","protected":false},"excerpt":{"rendered":"<p>Speziell f\u00fcr Schulkinder, aber auch kleinere Kinder, bieten wir etwa alle zwei Wochen, w\u00e4hrend der Schulzeit, Sch\u00fclergottesdienste in der Pfarrkirche in Schwarzach an. Diese Gottesdienste sind speziell auf Kinder bis etwa zur 5. Klasse zugeschnitten. Kommen d\u00fcrfen alle Kinder die Interesse haben, nicht nur die Erstkommunionkinder und nat\u00fcrlich auch die Eltern oder Gro\u00dfeltern. Gerne d\u00fcrfen &#8230; <span class=\"more\"><a class=\"more-link\" href=\"https:\/\/pfarrei-schwarzach-perasdorf.de\/?page_id=1809\">[weiterlesen&#8230;]<\/a><\/span><\/p>\n","protected":false},"author":9,"featured_media":0,"parent":1799,"menu_order":0,"comment_status":"closed","ping_status":"closed","template":"","meta":{"footnotes":""},"_links":{"self":[{"href":"https:\/\/pfarrei-schwarzach-perasdorf.de\/index.php?rest_route=\/wp\/v2\/pages\/1809"}],"collection":[{"href":"https:\/\/pfarrei-schwarzach-perasdorf.de\/index.php?rest_route=\/wp\/v2\/pages"}],"about":[{"href":"https:\/\/pfarrei-schwarzach-perasdorf.de\/index.php?rest_route=\/wp\/v2\/types\/page"}],"author":[{"embeddable":true,"href":"https:\/\/pfarrei-schwarzach-perasdorf.de\/index.php?rest_route=\/wp\/v2\/users\/9"}],"replies":[{"embeddable":true,"href":"https:\/\/pfarrei-schwarzach-perasdorf.de\/index.php?rest_route=%2Fwp%2Fv2%2Fcomments&post=1809"}],"version-history":[{"count":4,"href":"https:\/\/pfarrei-schwarzach-perasdorf.de\/index.php?rest_route=\/wp\/v2\/pages\/1809\/revisions"}],"predecessor-version":[{"id":2985,"href":"https:\/\/pfarrei-schwarzach-perasdorf.de\/index.php?rest_route=\/wp\/v2\/pages\/1809\/revisions\/2985"}],"up":[{"embeddable":true,"href":"https:\/\/pfarrei-schwarzach-perasdorf.de\/index.php?rest_route=\/wp\/v2\/pages\/1799"}],"wp:attachment":[{"href":"https:\/\/pfarrei-schwarzach-perasdorf.de\/index.php?rest_route=%2Fwp%2Fv2%2Fmedia&parent=1809"}],"curies":[{"name":"wp","href":"https:\/\/api.w.org\/{rel}","templated":true}]}}

Schülergottesdienste

<p>Speziell für Schulkinder, aber auch kleinere Kinder, bieten wir etwa alle zwei Wochen, während der Schulzeit, Schülergottesdienste in der Pfarrkirche in Schwarzach an.<br />
Diese Gottesdienste sind speziell auf Kinder bis etwa zur 5. Klasse zugeschnitten. Kommen dürfen alle Kinder die Interesse haben, nicht nur die Erstkommunionkinder und natürlich auch die Eltern oder Großeltern.<br />
Gerne dürfen auch Familien mit ganz kleinen Kindern teilnehmen, für die der Sonntagsgottesdienst nicht so gut passt. Im Schülergottesdienst sind wir viel freier und können auch direkt auf die Kinder und auch ihre Fragen eingehen.</p>
<p>Wir freuen uns auf alle, die zum Gottesdienst kommen und mitfeiern!</p>
<p>Beachten Sie bitte auch den aktuellen <a href="http://pfarrei-schwarzach-perasdorf.de/?page_id=13">Pfarrbrief</a></p>

<p>Speziell für Schulkinder, aber auch kleinere Kinder, bieten wir etwa alle zwei Wochen, während der Schulzeit, Schülergottesdienste in der Pfarrkirche in Schwarzach an. Diese Gottesdienste sind speziell auf Kinder bis etwa zur 5. Klasse zugeschnitten. Kommen dürfen alle Kinder die Interesse haben, nicht nur die Erstkommunionkinder und natürlich auch die Eltern oder Großeltern. Gerne dürfen &#8230; <span class="more"><a class="more-link" href="https://pfarrei-schwarzach-perasdorf.de/?page_id=1809">[weiterlesen&#8230;]</a></span></p>
