{"id":1659,"date":"2020-10-27T17:35:25","date_gmt":"2020-10-27T16:35:25","guid":{"rendered":"http:\/\/pfarrei-schwarzach-perasdorf.de\/?page_id=1659"},"modified":"2020-10-27T17:38:24","modified_gmt":"2020-10-27T16:38:24","slug":"eucharistie","status":"publish","type":"page","link":"https:\/\/pfarrei-schwarzach-perasdorf.de\/?page_id=1659","title":{"rendered":"Eucharistie"},"content":{"rendered":"<p><a href=\"http:\/\/pfarrei-schwarzach-perasdorf.de\/wp-content\/uploads\/2020\/10\/chalice-1591668_1920.jpg\"><img loading=\"lazy\" decoding=\"async\" class=\"alignright size-medium wp-image-1660\" src=\"http:\/\/pfarrei-schwarzach-perasdorf.de\/wp-content\/uploads\/2020\/10\/chalice-1591668_1920-300x200.jpg\" alt=\"\" width=\"300\" height=\"200\" srcset=\"https:\/\/pfarrei-schwarzach-perasdorf.de\/wp-content\/uploads\/2020\/10\/chalice-1591668_1920-300x200.jpg 300w, https:\/\/pfarrei-schwarzach-perasdorf.de\/wp-content\/uploads\/2020\/10\/chalice-1591668_1920-150x100.jpg 150w, https:\/\/pfarrei-schwarzach-perasdorf.de\/wp-content\/uploads\/2020\/10\/chalice-1591668_1920-768x512.jpg 768w, https:\/\/pfarrei-schwarzach-perasdorf.de\/wp-content\/uploads\/2020\/10\/chalice-1591668_1920-1024x683.jpg 1024w, https:\/\/pfarrei-schwarzach-perasdorf.de\/wp-content\/uploads\/2020\/10\/chalice-1591668_1920.jpg 1920w\" sizes=\"(max-width: 300px) 100vw, 300px\" \/><\/a>Der Empfang des Hl. Brotes ist jedes Mal ein ganz au\u00dfergew\u00f6hnliches Geschenk Gottes an uns Menschen. Es ist eigentlich ein Wunder, was wir jedes Mal feiern. Wir feiern n\u00e4mlich, dass Gott und Jesus mitten unter uns sind. Dass Jesus im &#8218;Leib Christi&#8216; und im &#8218;Blut Christi&#8216; zu uns kommt und uns mit neuer Kraft erf\u00fcllt. Denn so hat es uns Jesus versprochen: <b>\u201eIch bin bei euch alle Tage, bis ans Ende der Welt!\u201c<\/b><br \/>\nUnd ein ganz besonderes Wunder ist es jedes Jahr f\u00fcr die Kinder der 3. Klasse und ihre Familien.<br \/>\nDenn ihr liebe Kinder aus der 3. Klasse, empfangt bei eurer 1. Hl Kommunion zum ersten Mal das Heilige Brot. Ihr d\u00fcrft da ganz besonders sp\u00fcren, was es bedeutet, dass Jesus ganz nah zu euch kommt. Dass ihr ihn in euch aufnehmt und sp\u00fcrt was es bedeutet, dass er euch von innen heraus st\u00e4rkt und ihr in einer ganz besonderen Gemeinschaft aufgenommen seid &#8211; der Gemeinschaft Jesu, der alle Christen angeh\u00f6ren, eine Gemeinschaft, in der man nie alleine ist!<\/p>\n<p>&nbsp;<\/p>\n<p><a href=\"http:\/\/pfarrei-schwarzach-perasdorf.de\/?page_id=1280\">Hier<\/a> finden Sie alle Informationen zur aktuellen Erstkommunion.<\/p>\n<p>Ein sehr wichtiger Dienst, der zum Grundverst\u00e4ndnis unseres pastoralen Handelns geh\u00f6rt ist die Krankenkommunion. <a href=\"http:\/\/pfarrei-schwarzach-perasdorf.de\/?page_id=1665\">Hier<\/a> finden Sie weitere Informationen dazu.<\/p>\n","protected":false},"excerpt":{"rendered":"<p>Der Empfang des Hl. Brotes ist jedes Mal ein ganz au\u00dfergew\u00f6hnliches Geschenk Gottes an uns Menschen. Es ist eigentlich ein Wunder, was wir jedes Mal feiern. Wir feiern n\u00e4mlich, dass Gott und Jesus mitten unter uns sind. Dass Jesus im &#8218;Leib Christi&#8216; und im &#8218;Blut Christi&#8216; zu uns kommt und uns mit neuer Kraft erf\u00fcllt. &#8230; <span class=\"more\"><a class=\"more-link\" href=\"https:\/\/pfarrei-schwarzach-perasdorf.de\/?page_id=1659\">[weiterlesen&#8230;]<\/a><\/span><\/p>\n","protected":false},"author":9,"featured_media":0,"parent":1276,"menu_order":2,"comment_status":"closed","ping_status":"closed","template":"","meta":{"footnotes":""},"_links":{"self":[{"href":"https:\/\/pfarrei-schwarzach-perasdorf.de\/index.php?rest_route=\/wp\/v2\/pages\/1659"}],"collection":[{"href":"https:\/\/pfarrei-schwarzach-perasdorf.de\/index.php?rest_route=\/wp\/v2\/pages"}],"about":[{"href":"https:\/\/pfarrei-schwarzach-perasdorf.de\/index.php?rest_route=\/wp\/v2\/types\/page"}],"author":[{"embeddable":true,"href":"https:\/\/pfarrei-schwarzach-perasdorf.de\/index.php?rest_route=\/wp\/v2\/users\/9"}],"replies":[{"embeddable":true,"href":"https:\/\/pfarrei-schwarzach-perasdorf.de\/index.php?rest_route=%2Fwp%2Fv2%2Fcomments&post=1659"}],"version-history":[{"count":2,"href":"https:\/\/pfarrei-schwarzach-perasdorf.de\/index.php?rest_route=\/wp\/v2\/pages\/1659\/revisions"}],"predecessor-version":[{"id":1667,"href":"https:\/\/pfarrei-schwarzach-perasdorf.de\/index.php?rest_route=\/wp\/v2\/pages\/1659\/revisions\/1667"}],"up":[{"embeddable":true,"href":"https:\/\/pfarrei-schwarzach-perasdorf.de\/index.php?rest_route=\/wp\/v2\/pages\/1276"}],"wp:attachment":[{"href":"https:\/\/pfarrei-schwarzach-perasdorf.de\/index.php?rest_route=%2Fwp%2Fv2%2Fmedia&parent=1659"}],"curies":[{"name":"wp","href":"https:\/\/api.w.org\/{rel}","templated":true}]}}