{"id":1588,"date":"2020-07-21T17:09:48","date_gmt":"2020-07-21T15:09:48","guid":{"rendered":"http:\/\/pfarrei-schwarzach-perasdorf.de\/?page_id=1588"},"modified":"2026-01-29T21:51:06","modified_gmt":"2026-01-29T20:51:06","slug":"taufe","status":"publish","type":"page","link":"https:\/\/pfarrei-schwarzach-perasdorf.de\/?page_id=1588","title":{"rendered":"Taufe"},"content":{"rendered":"<p><strong><a href=\"http:\/\/pfarrei-schwarzach-perasdorf.de\/wp-content\/uploads\/2020\/07\/Bild-Taufe.jpg\"><img loading=\"lazy\" decoding=\"async\" class=\"wp-image-1602 size-medium_large aligncenter\" src=\"http:\/\/pfarrei-schwarzach-perasdorf.de\/wp-content\/uploads\/2020\/07\/Bild-Taufe-768x342.jpg\" alt=\"\" width=\"700\" height=\"312\" srcset=\"https:\/\/pfarrei-schwarzach-perasdorf.de\/wp-content\/uploads\/2020\/07\/Bild-Taufe-768x342.jpg 768w, https:\/\/pfarrei-schwarzach-perasdorf.de\/wp-content\/uploads\/2020\/07\/Bild-Taufe-150x67.jpg 150w, https:\/\/pfarrei-schwarzach-perasdorf.de\/wp-content\/uploads\/2020\/07\/Bild-Taufe-300x134.jpg 300w, https:\/\/pfarrei-schwarzach-perasdorf.de\/wp-content\/uploads\/2020\/07\/Bild-Taufe-1024x456.jpg 1024w, https:\/\/pfarrei-schwarzach-perasdorf.de\/wp-content\/uploads\/2020\/07\/Bild-Taufe.jpg 1280w\" sizes=\"(max-width: 700px) 100vw, 700px\" \/><\/a><br \/><\/strong><\/p>\n<p>Sie erwarten ein Kind, oder sind gerade Eltern geworden? Herzlichen Gl\u00fcckwunsch zu diesem besonderen Ereignis!<br \/>In diesen Momenten kommen einige Fragen auf:<br \/>Auch die, was ich meinem Kind auf seinem Lebensweg mitgeben kann.<br \/>F\u00fcr einen Christen ist ganz klar, dass dazu geh\u00f6rt sein Kind mit Gott vertraut zu machen und in die Familie aller Getauften einzugliedern.<br \/>Taufe ist Gemeinschaft mit Christus, aber auch Gemeinschaft mit den Christen in der Pfarrgemeinde und allen Christen in der Welt.\u00a0<\/p>\n<p>Welche Schritte m\u00fcssen sie nun als n\u00e4chstes tun?<br \/>Melden sie bitte zun\u00e4chst ihr Kind zur Taufe im Pfarrb\u00fcro an. Dazu ben\u00f6tigen sie die Geburtsurkunde und, sofern bereits Vorhanden, eine Patenbescheinigung des Taufpaten bzw. der Taufpatin.<br \/>Suchen sie den Taufpaten sorgf\u00e4ltig aus, denn dieser hat eine besondere Aufgabe:<br \/>Er oder sie verspricht f\u00fcr das Kind da zu sein, wenn es n\u00f6tig ist, ihm ein Vorbild im christlichen Leben zu sein und ihm in Fragen des Lebens und des Glaubens zur Seite zu stehen.<br \/>Um Taufpate zu werden, muss man 16 Jahre alt sein, Taufe und Firmung empfangen haben und der katholischen Kirche angeh\u00f6ren.<\/p>\n<p>Vereinbaren sie auf alle F\u00e4lle einen Termin f\u00fcr das Taufgespr\u00e4ch mit Pfarrer Koller, dieses findet in der Regel in vertrauter Umgebung bei ihnen zu Hause statt und w\u00e4hlen sie einen Tauftermin.<br \/>Die n\u00e4chsten Tauftermine unserer Pfarreiengemeinschaft entnehmen Sie bitte dem aktuellen <a href=\"https:\/\/pfarrei-schwarzach-perasdorf.de\/?page_id=13\">Pfarrbrief<\/a>.<\/p>\n<p>Die Tauffeier ist auch im Rahmen der Osternacht m\u00f6glich und sogar sehr erw\u00fcnscht.\u00a0<\/p>\n<p>Bei Fragen rufen Sie uns jederzeit an, oder senden Sie uns eine Mail!<\/p>\n<p><a href=\"https:\/\/pfarrei-schwarzach-perasdorf.de\/?page_id=19\">Kontaktdaten der Pfarrei finden Sie hier.<\/a><\/p>\n\n\n<p><\/p>\n","protected":false},"excerpt":{"rendered":"<p>Sie erwarten ein Kind, oder sind gerade Eltern geworden? Herzlichen Gl\u00fcckwunsch zu diesem besonderen Ereignis!In diesen Momenten kommen einige Fragen auf:Auch die, was ich meinem Kind auf seinem Lebensweg mitgeben kann.F\u00fcr einen Christen ist ganz klar, dass dazu geh\u00f6rt sein Kind mit Gott vertraut zu machen und in die Familie aller Getauften einzugliedern.Taufe ist Gemeinschaft &#8230; <span class=\"more\"><a class=\"more-link\" href=\"https:\/\/pfarrei-schwarzach-perasdorf.de\/?page_id=1588\">[weiterlesen&#8230;]<\/a><\/span><\/p>\n","protected":false},"author":9,"featured_media":0,"parent":1276,"menu_order":0,"comment_status":"closed","ping_status":"closed","template":"","meta":{"footnotes":""},"_links":{"self":[{"href":"https:\/\/pfarrei-schwarzach-perasdorf.de\/index.php?rest_route=\/wp\/v2\/pages\/1588"}],"collection":[{"href":"https:\/\/pfarrei-schwarzach-perasdorf.de\/index.php?rest_route=\/wp\/v2\/pages"}],"about":[{"href":"https:\/\/pfarrei-schwarzach-perasdorf.de\/index.php?rest_route=\/wp\/v2\/types\/page"}],"author":[{"embeddable":true,"href":"https:\/\/pfarrei-schwarzach-perasdorf.de\/index.php?rest_route=\/wp\/v2\/users\/9"}],"replies":[{"embeddable":true,"href":"https:\/\/pfarrei-schwarzach-perasdorf.de\/index.php?rest_route=%2Fwp%2Fv2%2Fcomments&post=1588"}],"version-history":[{"count":11,"href":"https:\/\/pfarrei-schwarzach-perasdorf.de\/index.php?rest_route=\/wp\/v2\/pages\/1588\/revisions"}],"predecessor-version":[{"id":3471,"href":"https:\/\/pfarrei-schwarzach-perasdorf.de\/index.php?rest_route=\/wp\/v2\/pages\/1588\/revisions\/3471"}],"up":[{"embeddable":true,"href":"https:\/\/pfarrei-schwarzach-perasdorf.de\/index.php?rest_route=\/wp\/v2\/pages\/1276"}],"wp:attachment":[{"href":"https:\/\/pfarrei-schwarzach-perasdorf.de\/index.php?rest_route=%2Fwp%2Fv2%2Fmedia&parent=1588"}],"curies":[{"name":"wp","href":"https:\/\/api.w.org\/{rel}","templated":true}]}}