{"id":1276,"date":"2020-03-26T09:08:52","date_gmt":"2020-03-26T08:08:52","guid":{"rendered":"http:\/\/pfarrei-schwarzach-perasdorf.de\/?page_id=1276"},"modified":"2023-02-01T13:36:01","modified_gmt":"2023-02-01T12:36:01","slug":"sakramente","status":"publish","type":"page","link":"https:\/\/pfarrei-schwarzach-perasdorf.de\/?page_id=1276","title":{"rendered":"Sakramente und Sakramentalien"},"content":{"rendered":"<p>Sakramente, die ihren Ursprung im Handeln Jesu haben, sind Orte der Gottesbegegnung.<br \/>\nIn diesen Heiligen Zeichen sp\u00fcren wir die N\u00e4he Gottes zu uns Menschen. Schon als Kind bei der Taufe, beim Sakrament der Vers\u00f6hnung, dem Empfang des Heiligen Brotes (in besonderer Weise bei der Erstkommunion), bei der St\u00e4rkung (Firmung) mit dem Heiligen Geist, in der ehelichen Liebe, im priesterlichen Dienst und bei der St\u00e4rkung in schwerer Krankheit.<\/p>\n<p>Die Kirche ist ein Ort des Trostes und der Gemeinschaft, hier wird niemand ausgeschlossen. Die 7 Sakramente und dar\u00fcberhinaus die Gemeinschaft aller Glaubenden in der Kirche schenken uns Trost, Kraft und Zuversicht in allen Lagen unseres Lebens.<\/p>\n<p>Desweiteren gibt es auch noch verschiedene Sakramentalien, die im Laufe der Jahrunderte ihre feste Verortung in der Kirche gefunden haben.<br \/>\nDazu geh\u00f6ren Beispielsweise: Fahrzeugsegnung, Hausegnung, Reisesegen, Beerdigung, Speisesegnungen und viele mehr.<\/p>\n<p>Auf den untergeordneten Seiten finden sie demn\u00e4chst n\u00e4here Informationen zu den einzelnen Sakramenten und Sakrametalien und Hinweise zur Vorbereitung in unserer Pfarreiengemeinschaft.<\/p>\n","protected":false},"excerpt":{"rendered":"<p>Sakramente, die ihren Ursprung im Handeln Jesu haben, sind Orte der Gottesbegegnung. In diesen Heiligen Zeichen sp\u00fcren wir die N\u00e4he Gottes zu uns Menschen. Schon als Kind bei der Taufe, beim Sakrament der Vers\u00f6hnung, dem Empfang des Heiligen Brotes (in besonderer Weise bei der Erstkommunion), bei der St\u00e4rkung (Firmung) mit dem Heiligen Geist, in der &#8230; <span class=\"more\"><a class=\"more-link\" href=\"https:\/\/pfarrei-schwarzach-perasdorf.de\/?page_id=1276\">[weiterlesen&#8230;]<\/a><\/span><\/p>\n","protected":false},"author":9,"featured_media":0,"parent":0,"menu_order":4,"comment_status":"closed","ping_status":"closed","template":"","meta":{"footnotes":""},"_links":{"self":[{"href":"https:\/\/pfarrei-schwarzach-perasdorf.de\/index.php?rest_route=\/wp\/v2\/pages\/1276"}],"collection":[{"href":"https:\/\/pfarrei-schwarzach-perasdorf.de\/index.php?rest_route=\/wp\/v2\/pages"}],"about":[{"href":"https:\/\/pfarrei-schwarzach-perasdorf.de\/index.php?rest_route=\/wp\/v2\/types\/page"}],"author":[{"embeddable":true,"href":"https:\/\/pfarrei-schwarzach-perasdorf.de\/index.php?rest_route=\/wp\/v2\/users\/9"}],"replies":[{"embeddable":true,"href":"https:\/\/pfarrei-schwarzach-perasdorf.de\/index.php?rest_route=%2Fwp%2Fv2%2Fcomments&post=1276"}],"version-history":[{"count":4,"href":"https:\/\/pfarrei-schwarzach-perasdorf.de\/index.php?rest_route=\/wp\/v2\/pages\/1276\/revisions"}],"predecessor-version":[{"id":2197,"href":"https:\/\/pfarrei-schwarzach-perasdorf.de\/index.php?rest_route=\/wp\/v2\/pages\/1276\/revisions\/2197"}],"wp:attachment":[{"href":"https:\/\/pfarrei-schwarzach-perasdorf.de\/index.php?rest_route=%2Fwp%2Fv2%2Fmedia&parent=1276"}],"curies":[{"name":"wp","href":"https:\/\/api.w.org\/{rel}","templated":true}]}}